{"id":2241,"date":"2022-10-26T05:05:30","date_gmt":"2022-10-26T05:05:30","guid":{"rendered":"https:\/\/www.aspone.fr\/?page_id=2241"},"modified":"2026-02-24T14:40:24","modified_gmt":"2026-02-24T14:40:24","slug":"le-suivi-des-teledeclarations","status":"publish","type":"page","link":"https:\/\/www.aspone.fr\/index.php\/le-portail\/utiliser-le-portail\/le-suivi-des-teledeclarations\/","title":{"rendered":"Le suivi des t\u00e9l\u00e9d\u00e9clarations"},"content":{"rendered":"\t\t<div data-elementor-type=\"wp-page\" data-elementor-id=\"2241\" class=\"elementor elementor-2241\" data-elementor-post-type=\"page\">\n\t\t\t\t<div data-particle_enable=\"false\" data-particle-mobile-disabled=\"false\" class=\"elementor-element elementor-element-db85c91 e-flex e-con-boxed e-con e-parent\" data-id=\"db85c91\" data-element_type=\"container\" data-settings=\"{&quot;background_background&quot;:&quot;classic&quot;,&quot;jet_parallax_layout_list&quot;:[],&quot;_ob_use_container_extras&quot;:&quot;no&quot;,&quot;_ob_column_hoveranimator&quot;:&quot;no&quot;,&quot;_ob_glider_is_slider&quot;:&quot;no&quot;,&quot;_ob_column_has_pseudo&quot;:&quot;no&quot;}\">\n\t\t\t\t\t<div class=\"e-con-inner\">\n\t\t\t\t<div class=\"elementor-element elementor-element-342d29c eael-dual-header-content-align-center ob-has-background-overlay elementor-widget elementor-widget-eael-dual-color-header\" data-id=\"342d29c\" data-element_type=\"widget\" data-settings=\"{&quot;_ob_widget_stalker_use&quot;:&quot;no&quot;,&quot;_ob_poopart_use&quot;:&quot;yes&quot;,&quot;_ob_shadough_use&quot;:&quot;no&quot;,&quot;_ob_allow_hoveranimator&quot;:&quot;no&quot;}\" data-widget_type=\"eael-dual-color-header.default\">\n\t\t\t\t<div class=\"elementor-widget-container\">\n\t\t\t\t\t\t<div class=\"eael-dual-header\">\n\t\t\t\t<h2 class=\"title\"><span class=\"lead solid-color\">Le suivi des t\u00e9l\u00e9d\u00e9clarations  sur le portail ASPOne.fr <\/span> <span><\/span><\/h2>\t\t\t\t<span class=\"subtext\"><\/span>\n\t\t\t\t\t\t\t<\/div>\n\n\t\t\t\t<\/div>\n\t\t\t\t<\/div>\n\t\t\t\t<div class=\"elementor-element elementor-element-206d265 pp-divider-center ob-has-background-overlay elementor-widget elementor-widget-pp-divider\" data-id=\"206d265\" data-element_type=\"widget\" data-settings=\"{&quot;_ob_widget_stalker_use&quot;:&quot;no&quot;,&quot;_ob_poopart_use&quot;:&quot;yes&quot;,&quot;_ob_shadough_use&quot;:&quot;no&quot;,&quot;_ob_allow_hoveranimator&quot;:&quot;no&quot;}\" data-widget_type=\"pp-divider.default\">\n\t\t\t\t<div class=\"elementor-widget-container\">\n\t\t\t\t\t<div class=\"pp-divider-wrap\">\n\t\t\t\t\t\t\t<div class=\"divider-text-container\">\n\t\t\t\t\t<div class=\"divider-text-wrap\">\n\t\t\t\t\t\t<span class=\"pp-divider-border-wrap divider-border-left\">\n\t\t\t\t\t\t\t<span class=\"divider-border\"><\/span>\n\t\t\t\t\t\t<\/span>\n\t\t\t\t\t\t<span class=\"pp-divider-content\">\n\t\t\t\t\t\t\t\t\t\t\t\t\t\t\t<span class=\"pp-divider-image pp-icon\">\n\t\t\t\t\t\t\t\t\t<img decoding=\"async\" src=\"https:\/\/www.aspone.fr\/wp-content\/uploads\/elementor\/thumbs\/icone-separateur-q2t5r1bmkbj1gnq1mfjlvwq63wink9pbq6gx4hbve4.png\" title=\"icone separateur\" alt=\"icone separateur\" loading=\"lazy\" \/>\t\t\t\t\t\t\t\t<\/span>\n\t\t\t\t\t\t\t\t\t\t\t\t\t<\/span>\n\t\t\t\t\t\t<span class=\"pp-divider-border-wrap divider-border-right\">\n\t\t\t\t\t\t\t<span class=\"divider-border\"><\/span>\n\t\t\t\t\t\t<\/span>\n\t\t\t\t\t<\/div>\n\t\t\t\t<\/div>\n\t\t\t\t\t\t<\/div>    \n\t\t\t\t<\/div>\n\t\t\t\t<\/div>\n\t\t\t\t\t<\/div>\n\t\t\t\t<\/div>\n\t\t\t\t<section data-particle_enable=\"false\" data-particle-mobile-disabled=\"false\" class=\"elementor-section elementor-top-section elementor-element elementor-element-795efed elementor-section-boxed elementor-section-height-default elementor-section-height-default elementor-invisible\" data-id=\"795efed\" data-element_type=\"section\" data-settings=\"{&quot;jet_parallax_layout_list&quot;:[],&quot;background_background&quot;:&quot;classic&quot;,&quot;motion_fx_motion_fx_scrolling&quot;:&quot;yes&quot;,&quot;animation&quot;:&quot;fadeInDown&quot;,&quot;background_motion_fx_motion_fx_scrolling&quot;:&quot;yes&quot;,&quot;background_motion_fx_translateY_effect&quot;:&quot;yes&quot;,&quot;background_motion_fx_range&quot;:&quot;page&quot;,&quot;_ob_glider_is_slider&quot;:&quot;no&quot;,&quot;background_motion_fx_translateY_speed&quot;:{&quot;unit&quot;:&quot;px&quot;,&quot;size&quot;:4,&quot;sizes&quot;:[]},&quot;background_motion_fx_translateY_affectedRange&quot;:{&quot;unit&quot;:&quot;%&quot;,&quot;size&quot;:&quot;&quot;,&quot;sizes&quot;:{&quot;start&quot;:0,&quot;end&quot;:100}},&quot;background_motion_fx_devices&quot;:[&quot;desktop&quot;,&quot;tablet&quot;,&quot;mobile&quot;],&quot;motion_fx_devices&quot;:[&quot;desktop&quot;,&quot;tablet&quot;,&quot;mobile&quot;]}\">\n\t\t\t\t\t\t\t<div class=\"elementor-background-overlay\"><\/div>\n\t\t\t\t\t\t\t<div class=\"elementor-container elementor-column-gap-default\">\n\t\t\t\t\t<div class=\"elementor-column elementor-col-100 elementor-top-column elementor-element elementor-element-e2afce2\" data-id=\"e2afce2\" data-element_type=\"column\" data-settings=\"{&quot;background_background&quot;:&quot;classic&quot;,&quot;_ob_column_hoveranimator&quot;:&quot;no&quot;,&quot;_ob_column_has_pseudo&quot;:&quot;no&quot;}\">\n\t\t\t<div class=\"elementor-widget-wrap elementor-element-populated\">\n\t\t\t\t\t<div class=\"elementor-background-overlay\"><\/div>\n\t\t\t\t\t\t<section data-particle_enable=\"false\" data-particle-mobile-disabled=\"false\" class=\"elementor-section elementor-inner-section elementor-element elementor-element-94576b2 elementor-section-boxed elementor-section-height-default elementor-section-height-default\" data-id=\"94576b2\" data-element_type=\"section\" data-settings=\"{&quot;jet_parallax_layout_list&quot;:[],&quot;_ob_glider_is_slider&quot;:&quot;no&quot;}\">\n\t\t\t\t\t\t<div class=\"elementor-container elementor-column-gap-default\">\n\t\t\t\t\t<div class=\"elementor-column elementor-col-100 elementor-inner-column elementor-element elementor-element-fafdc7a\" data-id=\"fafdc7a\" data-element_type=\"column\" data-settings=\"{&quot;_ob_column_hoveranimator&quot;:&quot;no&quot;,&quot;_ob_column_has_pseudo&quot;:&quot;no&quot;}\">\n\t\t\t<div class=\"elementor-widget-wrap elementor-element-populated\">\n\t\t\t\t\t\t<div class=\"elementor-element elementor-element-e3ea1d7 elementor-align-right elementor-fixed elementor-widget elementor-widget-global elementor-global-3273 elementor-widget-button\" data-id=\"e3ea1d7\" data-element_type=\"widget\" data-settings=\"{&quot;_position&quot;:&quot;fixed&quot;}\" data-widget_type=\"button.default\">\n\t\t\t\t<div class=\"elementor-widget-container\">\n\t\t\t\t\t\t\t<div class=\"elementor-button-wrapper\">\n\t\t\t\t\t<a class=\"elementor-button elementor-button-link elementor-size-sm\" href=\"#elementor-action%3Aaction%3Dpopup%3Aopen%26settings%3DeyJpZCI6IjMyNjIiLCJ0b2dnbGUiOmZhbHNlfQ%3D%3D\">\n\t\t\t\t\t\t<span class=\"elementor-button-content-wrapper\">\n\t\t\t\t\t\t\t\t\t<span class=\"elementor-button-text\">Aide<\/span>\n\t\t\t\t\t<\/span>\n\t\t\t\t\t<\/a>\n\t\t\t\t<\/div>\n\t\t\t\t\t\t<\/div>\n\t\t\t\t<\/div>\n\t\t\t\t\t<\/div>\n\t\t<\/div>\n\t\t\t\t\t<\/div>\n\t\t<\/section>\n\t\t\t\t<div class=\"elementor-element elementor-element-bdc36d1 ob-harakiri-inherit ob-has-background-overlay elementor-widget elementor-widget-text-editor\" data-id=\"bdc36d1\" data-element_type=\"widget\" data-settings=\"{&quot;_ob_use_harakiri&quot;:&quot;yes&quot;,&quot;_ob_harakiri_writing_mode&quot;:&quot;inherit&quot;,&quot;_ob_postman_use&quot;:&quot;no&quot;,&quot;_ob_widget_stalker_use&quot;:&quot;no&quot;,&quot;_ob_poopart_use&quot;:&quot;yes&quot;,&quot;_ob_shadough_use&quot;:&quot;no&quot;,&quot;_ob_allow_hoveranimator&quot;:&quot;no&quot;}\" data-widget_type=\"text-editor.default\">\n\t\t\t\t<div class=\"elementor-widget-container\">\n\t\t\t\t\t\t\t<p>Pour un suivi optimal des d\u00e9clarations envoy\u00e9es, ASPOne.fr met \u00e0 la disposition de ses abonn\u00e9s diff\u00e9rents outils : un suivi en ligne sur le site\u00a0ASPOne.fr (espace priv\u00e9) et des notifications envoy\u00e9es par mail (horodat\u00e9 et sign\u00e9 \u00e9lectroniquement) l&rsquo;informant en temps r\u00e9el des diff\u00e9rentes \u00e9tapes du traitement de ses d\u00e9clarations et pouvant constituer une preuve opposable en cas de litige. En outre, un service d\u2019Alertes \u00e9volu\u00e9es, accessibles \u00e0 tous, permet de compl\u00e9ter les outils standards de surveillance du portail afin de vous alerter au plus t\u00f4t de toute information pertinente mettant potentiellement en p\u00e9ril le bon d\u00e9roulement d\u2019une t\u00e9l\u00e9-d\u00e9claration.<\/p><h2>Les notifications par mail<\/h2><p><strong>L&rsquo;avis de d\u00e9p\u00f4t sign\u00e9<\/strong><\/p><p>D\u00e8s r\u00e9ception d&rsquo;un message de t\u00e9l\u00e9d\u00e9claration par le portail, celui-ci envoie au d\u00e9posant un avis de d\u00e9p\u00f4t dat\u00e9 et sign\u00e9 (ADS) confirmant que le message a bien \u00e9t\u00e9 re\u00e7u et pris en compte par ASPOne.fr. L&rsquo;avis de d\u00e9p\u00f4t est un message important que le d\u00e9posant doit conserver ; il pourra \u00eatre utilis\u00e9 en cas de litige.\u00a0<\/p><ul><li>Il est crypt\u00e9 pour assurer la confidentialit\u00e9 de l&rsquo;\u00e9change.<\/li><li>Il est sign\u00e9 num\u00e9riquement attestant ainsi au d\u00e9clarant qu&rsquo;il a bien \u00e9t\u00e9 \u00e9mis par le portail ASPOne.fr.<\/li><li>Il est horodat\u00e9 par le portail (synchronis\u00e9 avec une horloge atomique) g\u00e9n\u00e9rant des avis de d\u00e9p\u00f4t fiables techniquement et juridiquement.<\/li><li>L&rsquo;avis de d\u00e9p\u00f4t indique le num\u00e9ro attribu\u00e9 par le portail au message et contient en pi\u00e8ce jointe le message int\u00e9gral envoy\u00e9 par le d\u00e9posant. Ceci garantit que les t\u00e9l\u00e9-d\u00e9clarations transmises n&rsquo;ont pas \u00e9t\u00e9 alt\u00e9r\u00e9es ou modifi\u00e9es lors de l&rsquo;envoi.<\/li><\/ul><p><strong>L&rsquo;avis de conformit\u00e9 syntaxique<\/strong><\/p><p>Aussit\u00f4t l&rsquo;ADS envoy\u00e9, le portail proc\u00e8de \u00e0 un contr\u00f4le syntaxique du message re\u00e7u pour v\u00e9rifier que les t\u00e9l\u00e9d\u00e9clarations qu&rsquo;il contient sont bien au format d\u00e9fini dans le cahier des charges de la t\u00e9l\u00e9proc\u00e9dure correspondante. Le portail envoie alors (d\u00e9lai de quelques heures) au d\u00e9posant un avis de conformit\u00e9 syntaxique dat\u00e9 et sign\u00e9 (ACS) mentionnant :\u00a0<\/p><ul><li>Le num\u00e9ro attribu\u00e9 au message par le portail, mentionn\u00e9 dans l&rsquo;ADS.<\/li><li>Le nombre de d\u00e9clarations re\u00e7ues et trait\u00e9es.<\/li><li>Les t\u00e9l\u00e9d\u00e9clarations rejet\u00e9es par le portail car non conformes.<\/li><li>Les t\u00e9l\u00e9d\u00e9clarations conformes et donc transmises \u00e0 leur(s) destinataire(s) (DGFiP, OPS, OGA\u2026).<\/li><\/ul><p>Cet ACS :\u00a0<\/p><ul><li>Est crypt\u00e9 pour assurer la confidentialit\u00e9 de l&rsquo;\u00e9change.<\/li><li>Est horodat\u00e9 et sign\u00e9 num\u00e9riquement.<\/li><li>Contient en pi\u00e8ce jointe le(s) compte-rendu(s) au format EDI, g\u00e9n\u00e9r\u00e9(s) par le portail.<\/li><li>Demande \u00e0 l&rsquo;utilisateur de prendre connaissance du d\u00e9tail des d\u00e9clarations dans le suivi du portail (sur le site www.ASPOne.fr).<\/li><\/ul><p><strong>L&rsquo;avis de retour sign\u00e9<\/strong><\/p><p>D\u00e8s r\u00e9ception d&rsquo;un compte-rendu de traitement des d\u00e9clarations par leur(s) destinataire(s), le portail envoie au d\u00e9clarant un avis de retour sign\u00e9 (ARS). Il indique :\u00a0<\/p><ul><li>Le num\u00e9ro attribu\u00e9 au message initial par le portail.<\/li><li>L&rsquo;acceptation ou le rejet par le(s) destinataire(s) de(s) d\u00e9claration(s).<\/li><\/ul><p>Cet ARS :\u00a0<\/p><ul><li>Est crypt\u00e9 pour assurer la confidentialit\u00e9 de l&rsquo;\u00e9change.<\/li><li>Est horodat\u00e9 et sign\u00e9 \u00e9lectroniquement.<\/li><li>Contient en pi\u00e8ce jointe le(s) compte-rendu(s) au format EDI g\u00e9n\u00e9r\u00e9(s) par le(s) destinataire(s).<\/li><\/ul><p><strong>Le suivi Web<\/strong><\/p><p>Le portail met \u00e0 la disposition des entreprises un service de suivi des messages et des t\u00e9l\u00e9d\u00e9clarations.\u00a0<\/p><p>Situ\u00e9 dans la partie \u00ab\u00a0Espace Priv\u00e9\u00a0\u00bb du site aspone.fr, ce service permet, apr\u00e8s introduction du code d&rsquo;authentification, de consulter ses dossiers en cours, \u00ab\u00a0cl\u00f4tur\u00e9s\u00a0\u00bb (c&rsquo;est-\u00e0-dire dont le cycle de t\u00e9l\u00e9transmission est complet, accus\u00e9 de r\u00e9ception compris) ou en anomalie.\u00a0<\/p><p>Le suivi peut \u00eatre effectu\u00e9 suivant plusieurs crit\u00e8res de s\u00e9lection : recherche sur une p\u00e9riode d&rsquo;envoi ou de d\u00e9claration, sur un num\u00e9ro interne cabinet de dossier, sur un num\u00e9ro SIREN ou SIRET, par compte secondaire pour un compte principal, etc&#8230;<br \/>La combinaison de plusieurs crit\u00e8res de s\u00e9lection est \u00e9galement possible.\u00a0<\/p><p>Le r\u00e9sultat de la recherche peut \u00eatre transf\u00e9r\u00e9 dans un fichier au format xls ou txt pour un traitement en local.\u00a0<\/p><p>Le suivi des messages et des t\u00e9l\u00e9d\u00e9clarations peut \u00e9galement \u00eatre fait par votre logiciel si celui-ci le permet (interpr\u00e9tation des messages d&rsquo;accus\u00e9 de r\u00e9ception envoy\u00e9s par le portail).<\/p>\t\t\t\t\t\t<\/div>\n\t\t\t\t<\/div>\n\t\t\t\t\t<\/div>\n\t\t<\/div>\n\t\t\t\t\t<\/div>\n\t\t<\/section>\n\t\t\t\t<section data-particle_enable=\"false\" data-particle-mobile-disabled=\"false\" class=\"elementor-section elementor-inner-section elementor-element elementor-element-5440299d elementor-section-boxed elementor-section-height-default elementor-section-height-default elementor-invisible\" data-id=\"5440299d\" data-element_type=\"section\" data-settings=\"{&quot;background_background&quot;:&quot;classic&quot;,&quot;animation&quot;:&quot;fadeInUp&quot;,&quot;jet_parallax_layout_list&quot;:[],&quot;_ob_glider_is_slider&quot;:&quot;no&quot;}\">\n\t\t\t\t\t\t<div class=\"elementor-container elementor-column-gap-no\">\n\t\t\t\t\t<div class=\"elementor-column elementor-col-100 elementor-inner-column elementor-element elementor-element-234be18b\" data-id=\"234be18b\" data-element_type=\"column\" data-settings=\"{&quot;_ob_column_hoveranimator&quot;:&quot;no&quot;,&quot;_ob_column_has_pseudo&quot;:&quot;no&quot;}\">\n\t\t\t<div class=\"elementor-widget-wrap elementor-element-populated\">\n\t\t\t\t\t\t<div class=\"elementor-element elementor-element-7d17ca7b elementor-widget__width-initial eael-dual-header-content-align-center ob-has-background-overlay elementor-widget elementor-widget-eael-dual-color-header\" data-id=\"7d17ca7b\" data-element_type=\"widget\" data-settings=\"{&quot;_ob_widget_stalker_use&quot;:&quot;no&quot;,&quot;_ob_poopart_use&quot;:&quot;yes&quot;,&quot;_ob_shadough_use&quot;:&quot;no&quot;,&quot;_ob_allow_hoveranimator&quot;:&quot;no&quot;}\" data-widget_type=\"eael-dual-color-header.default\">\n\t\t\t\t<div class=\"elementor-widget-container\">\n\t\t\t\t\t\t<div class=\"eael-dual-header\">\n\t\t\t\t<h2 class=\"title\"><span class=\"lead solid-color\">Lettres d\u2019informations<\/span> <span><\/span><\/h2><div class=\"eael-dch-separator-wrap\"><span class=\"separator-one\"><\/span>\n\t\t\t<span class=\"separator-two\"><\/span><\/div>\t\t\t\t<span class=\"subtext\"><div class=\"sppb-addon-content\"><div>\u00a0<\/div><div>ABONNEZ-VOUS MAINTENANT<\/div><div>Pour recevoir notre lettre d&rsquo;information<\/div><\/div><\/span>\n\t\t\t\t\t\t\t<\/div>\n\n\t\t\t\t<\/div>\n\t\t\t\t<\/div>\n\t\t\t\t<div class=\"elementor-element elementor-element-591575e9 elementor-button-align-stretch ob-has-background-overlay elementor-widget elementor-widget-form\" data-id=\"591575e9\" data-element_type=\"widget\" data-settings=\"{&quot;button_width&quot;:&quot;33&quot;,&quot;step_next_label&quot;:&quot;Suivant&quot;,&quot;step_previous_label&quot;:&quot;Pr\\u00e9c\\u00e9dent&quot;,&quot;step_type&quot;:&quot;number_text&quot;,&quot;step_icon_shape&quot;:&quot;circle&quot;,&quot;_ob_widget_stalker_use&quot;:&quot;no&quot;,&quot;_ob_poopart_use&quot;:&quot;yes&quot;,&quot;_ob_shadough_use&quot;:&quot;no&quot;,&quot;_ob_allow_hoveranimator&quot;:&quot;no&quot;}\" data-widget_type=\"form.default\">\n\t\t\t\t<div class=\"elementor-widget-container\">\n\t\t\t\t\t<form class=\"elementor-form\" method=\"post\" name=\"Nouveau formulaire\">\n\t\t\t<input type=\"hidden\" name=\"post_id\" value=\"2241\"\/>\n\t\t\t<input type=\"hidden\" name=\"form_id\" value=\"591575e9\"\/>\n\t\t\t<input type=\"hidden\" name=\"referer_title\" value=\"\" \/>\n\n\t\t\t\n\t\t\t<div class=\"elementor-form-fields-wrapper elementor-labels-\">\n\t\t\t\t\t\t\t\t<div class=\"elementor-field-type-text elementor-field-group elementor-column elementor-field-group-name elementor-col-33\">\n\t\t\t\t\t\t\t\t\t\t\t\t<label for=\"form-field-name\" class=\"elementor-field-label elementor-screen-only\">\n\t\t\t\t\t\t\t\tNom\t\t\t\t\t\t\t<\/label>\n\t\t\t\t\t\t\t\t\t\t\t\t\t\t<input size=\"1\" type=\"text\" name=\"form_fields[name]\" id=\"form-field-name\" class=\"elementor-field elementor-size-sm  elementor-field-textual\" placeholder=\"Votre Nom\">\n\t\t\t\t\t\t\t\t\t\t\t<\/div>\n\t\t\t\t\t\t\t\t<div class=\"elementor-field-type-email elementor-field-group elementor-column elementor-field-group-email elementor-col-33 elementor-field-required\">\n\t\t\t\t\t\t\t\t\t\t\t\t<label for=\"form-field-email\" class=\"elementor-field-label elementor-screen-only\">\n\t\t\t\t\t\t\t\tE-mail\t\t\t\t\t\t\t<\/label>\n\t\t\t\t\t\t\t\t\t\t\t\t\t\t<input size=\"1\" type=\"email\" name=\"form_fields[email]\" id=\"form-field-email\" class=\"elementor-field elementor-size-sm  elementor-field-textual\" placeholder=\"Votre E-mail\" required=\"required\" aria-required=\"true\">\n\t\t\t\t\t\t\t\t\t\t\t<\/div>\n\t\t\t\t\t\t\t\t<div class=\"elementor-field-type-recaptcha_v3 elementor-field-group elementor-column elementor-field-group-field_d6dc73c elementor-col-100 recaptcha_v3-bottomleft\">\n\t\t\t\t\t<div class=\"elementor-field\" id=\"form-field-field_d6dc73c\"><div class=\"elementor-g-recaptcha\" data-sitekey=\"6LdYwvopAAAAAONEX1IvohQFSJpyXwry9Zcb6fH1\" data-type=\"v3\" data-action=\"Form\" data-badge=\"bottomleft\" data-size=\"invisible\"><\/div><\/div>\t\t\t\t<\/div>\n\t\t\t\t\t\t\t\t<div class=\"elementor-field-group elementor-column elementor-field-type-submit elementor-col-33 e-form__buttons\">\n\t\t\t\t\t<button class=\"elementor-button elementor-size-sm\" type=\"submit\">\n\t\t\t\t\t\t<span class=\"elementor-button-content-wrapper\">\n\t\t\t\t\t\t\t\t\t\t\t\t\t\t\t\t\t\t\t\t\t\t<span class=\"elementor-button-text\">Envoyer<\/span>\n\t\t\t\t\t\t\t\t\t\t\t\t\t<\/span>\n\t\t\t\t\t<\/button>\n\t\t\t\t<\/div>\n\t\t\t<\/div>\n\t\t<\/form>\n\t\t\t\t<\/div>\n\t\t\t\t<\/div>\n\t\t\t\t\t<\/div>\n\t\t<\/div>\n\t\t\t\t\t<\/div>\n\t\t<\/section>\n\t\t\t\t<\/div>\n\t\t","protected":false},"excerpt":{"rendered":"<p>Le suivi des t\u00e9l\u00e9d\u00e9clarations sur le portail ASPOne.fr Aide Pour un suivi optimal des d\u00e9clarations envoy\u00e9es, ASPOne.fr met \u00e0 la disposition de ses abonn\u00e9s diff\u00e9rents outils : un suivi en ligne sur le site\u00a0ASPOne.fr (espace priv\u00e9) et des notifications envoy\u00e9es par mail (horodat\u00e9 et sign\u00e9 \u00e9lectroniquement) l&rsquo;informant en temps r\u00e9el des diff\u00e9rentes \u00e9tapes du traitement [&hellip;]<\/p>\n","protected":false},"author":1,"featured_media":0,"parent":3120,"menu_order":0,"comment_status":"closed","ping_status":"closed","template":"","meta":{"site-sidebar-layout":"no-sidebar","site-content-layout":"page-builder","ast-site-content-layout":"default","site-content-style":"default","site-sidebar-style":"default","ast-global-header-display":"","ast-banner-title-visibility":"","ast-main-header-display":"","ast-hfb-above-header-display":"","ast-hfb-below-header-display":"","ast-hfb-mobile-header-display":"","site-post-title":"disabled","ast-breadcrumbs-content":"","ast-featured-img":"disabled","footer-sml-layout":"","ast-disable-related-posts":"","theme-transparent-header-meta":"","adv-header-id-meta":"","stick-header-meta":"","header-above-stick-meta":"","header-main-stick-meta":"","header-below-stick-meta":"","astra-migrate-meta-layouts":"default","ast-page-background-enabled":"default","ast-page-background-meta":{"desktop":{"background-color":"var(--ast-global-color-4)","background-image":"","background-repeat":"repeat","background-position":"center center","background-size":"auto","background-attachment":"scroll","background-type":"","background-media":"","overlay-type":"","overlay-color":"","overlay-opacity":"","overlay-gradient":""},"tablet":{"background-color":"","background-image":"","background-repeat":"repeat","background-position":"center center","background-size":"auto","background-attachment":"scroll","background-type":"","background-media":"","overlay-type":"","overlay-color":"","overlay-opacity":"","overlay-gradient":""},"mobile":{"background-color":"","background-image":"","background-repeat":"repeat","background-position":"center center","background-size":"auto","background-attachment":"scroll","background-type":"","background-media":"","overlay-type":"","overlay-color":"","overlay-opacity":"","overlay-gradient":""}},"ast-content-background-meta":{"desktop":{"background-color":"var(--ast-global-color-5)","background-image":"","background-repeat":"repeat","background-position":"center center","background-size":"auto","background-attachment":"scroll","background-type":"","background-media":"","overlay-type":"","overlay-color":"","overlay-opacity":"","overlay-gradient":""},"tablet":{"background-color":"var(--ast-global-color-5)","background-image":"","background-repeat":"repeat","background-position":"center center","background-size":"auto","background-attachment":"scroll","background-type":"","background-media":"","overlay-type":"","overlay-color":"","overlay-opacity":"","overlay-gradient":""},"mobile":{"background-color":"var(--ast-global-color-5)","background-image":"","background-repeat":"repeat","background-position":"center center","background-size":"auto","background-attachment":"scroll","background-type":"","background-media":"","overlay-type":"","overlay-color":"","overlay-opacity":"","overlay-gradient":""}},"footnotes":""},"class_list":["post-2241","page","type-page","status-publish","hentry"],"_links":{"self":[{"href":"https:\/\/www.aspone.fr\/index.php\/wp-json\/wp\/v2\/pages\/2241","targetHints":{"allow":["GET"]}}],"collection":[{"href":"https:\/\/www.aspone.fr\/index.php\/wp-json\/wp\/v2\/pages"}],"about":[{"href":"https:\/\/www.aspone.fr\/index.php\/wp-json\/wp\/v2\/types\/page"}],"author":[{"embeddable":true,"href":"https:\/\/www.aspone.fr\/index.php\/wp-json\/wp\/v2\/users\/1"}],"replies":[{"embeddable":true,"href":"https:\/\/www.aspone.fr\/index.php\/wp-json\/wp\/v2\/comments?post=2241"}],"version-history":[{"count":19,"href":"https:\/\/www.aspone.fr\/index.php\/wp-json\/wp\/v2\/pages\/2241\/revisions"}],"predecessor-version":[{"id":4379,"href":"https:\/\/www.aspone.fr\/index.php\/wp-json\/wp\/v2\/pages\/2241\/revisions\/4379"}],"up":[{"embeddable":true,"href":"https:\/\/www.aspone.fr\/index.php\/wp-json\/wp\/v2\/pages\/3120"}],"wp:attachment":[{"href":"https:\/\/www.aspone.fr\/index.php\/wp-json\/wp\/v2\/media?parent=2241"}],"curies":[{"name":"wp","href":"https:\/\/api.w.org\/{rel}","templated":true}]}}